1184?
1
What is the hundred thousands digit of 436789275?
7
What is the hundred thousands digit of 1930823898?
8
What is the hundred thousands digit of 546901202?
9
What is the hundreds digit of 392979372?
3
What is the ten millions digit of 25689816?
2
What is the hundreds digit of 3871573042?
0
What is the thousands digit of 245069874?
9
What is the hundred thousands digit of 208889488?
8
What is the hundred millions digit of 662219080?
6
What is the hundred thousands digit of 518303563?
3
What is the hundreds digit of 6339403191?
1
What is the ten millions digit of 2606988084?
0
What is the units digit of 86325563?
3
What is the tens digit of 4024772924?
2
What is the tens digit of 43942631?
3
What is the hundred thousands digit of 2183137310?
1
What is the hundred thousands digit of 219395513?
3
What is the ten millions digit of 60111675?
6
What is the hundred millions digit of 396066801?
3
What is the units digit of 3024496687?
7
What is the millions digit of 1096461402?
6
What is the ten thousands digit of 2447094060?
9
What is the ten millions digit of 68528133?
6
What is the millions digit of 42923007?
2
What is the millions digit of 536958894?
6
What is the hundreds digit of 1357121304?
3
What is the millions digit of 61638079?
1
What is the hundreds digit of 413443449?
4
What is the tens digit of 2746566300?
0
What is the units digit of 46454544?
4
What is the hundred thousands digit of 4373370589?
3
What is the tens digit of 262743764?
6
What is the units digit of 75835125?
5
What is the hundred thousands digit of 112153152?
1
What is the hundreds digit of 1265143872?
8
What is the units digit of 2571453037?
7
What is the thousands digit of 112487451?
7
What is the hundred millions digit of 166905275?
1
What is the ten millions digit of 751657324?
5
What is the units digit of 24964313?
3
What is the ten thousands digit of 3281942509?
4
What is the units digit of 254021458?
8
What is the millions digit of 754954803?
4
What is the ten thousands digit of 5558435485?
3
What is the hundred millions digit of 677379994?
6
What is the hundreds digit of 64697576?
5
What is the hundred thousands digit of 305336959?
3
What is the ten millions digit of 675804671?
7
What is the tens digit of 32340666?
6
What is the units digit of 3391982760?
0
What is the hundred millions digit of 287200311?
2
What is the millions digit of 8221646?
8
What is the ten millions digit of 50258961?
5
What is the billions digit of 3932837296?
3
What is the units digit of 224485124?
4
What is the hundreds digit of 927674075?
0
What is the hundred thousands digit of 9036388?
0
What is the hundred millions digit of 112712895?
1
What is the hundred thousands digit of 112905993?
9
What is the tens digit of 522610966?
6
What is the millions digit of 249941198?
9
What is the hundreds digit of 345829984?
9
What is the ten thousands digit of 2546372658?
7
What is the ten millions digit of 2651281530?
5
What is the tens digit of 690821724?
2
What is the units digit of 89885696?
6
What is the ten thousands digit of 331662718?
6
What is the hundred thousands digit of 64972733?
9
What is the thousands digit of 99055646?
5
What is the hundred millions digit of 415473835?
4
What is the units digit of 54590399?
9
What is the tens digit of 23121829?
2
What is the ten millions digit of 49759463?
4
What is the ten millions digit of 309728023?
0
What is the tens digit of 5745989254?
5
What is the units digit of 38367572?
2
What is the millions digit of 63996065?
3
What is the hundreds digit of 56191968?
9
What is the hundred thousands digit of 451573470?
5
What is the ten millions digit of 73007206?
7
What is the hundreds digit of 67287986?
9
What is the units digit of 2127815236?
6
What is the hundred thousands digit of 820279249?
2
What is the hundred millions digit of 118784120?
1
What is the millions digit of 94706444?
4
What is the tens digit of 30722007?
0
What is the ten millions digit of 917018427?
1
What is the ten millions digit of 73929842?
7
What is the ten millions digit of 393907505?
9
What is the ten millions digit of 103105021?
0
What is the tens digit of 1887116392?
9
What is the ten thousands digit of 549679664?
7
What is the hundred thousands digit of 1509033051?
0
What is the ten thousands digit of 189464812?
6
What is the hundred millions digit of 389842144?
3
What is the hundred millions digit of 340683205?
3
What is the ten millions digit of 1124375205?
2
What is the units digit of 85312579?
9
What is the thousands digit of 2644094625?
4
What is the hundreds digit of 61682525?
5
What is the tens digit of 54044080?
8
What is the ten millions digit of 49174054?
4
What is the thousands digit of 240853257?
3
What is the millions digit of 80025547?
0
What is the tens digit of 111107043?
4
What is the ten thousands digit of 90360500?
6
What is the thousands digit of 51131050?
1
What is the thousands digit of 189955732?
5
What is the thousands digit of 23680657?
0
What is the millions digit of 90240414?
0
What is the hundred thousands digit of 64620161?
6
What is the hundred millions digit of 4675956298?
6
What is the tens digit of 216235755?
5
What is the hundred millions digit of 3765548410?
7
What is the ten millions digit of 7631743313?
3
What is the ten thousands digit of 375818022?
1
What is the millions digit of 177204828?
7
What is the hundred thousands digit of 30979848?
9
What is the ten millions digit of 43032638?
4
What is the hundreds digit of 14091718?
7
What is the billions digit of 4224568313?
4
What is the millions digit of 18266792?
8
What is the ten thousands digit of 52243510?
4
What is the ten thousands digit of 1952492858?
9
What is the hundreds digit of 342553754?
7
What is the hundred millions digit of 179605881?
1
What is the units digit of 1094143844?
4
What is the tens digit of 5223447228?
2
What is the tens digit of 508158305?
0
What is the units digit of 246523409?
9
What is the thousands digit of 3627684816?
4
What is the hundred thousands digit of 33740963?
7
What is the thousands digit of 49801399?
1
What is the billions digit of 1122024924?
1
What is the billions digit of 2095823663?
2
What is the millions digit of 88371233?
8
What is the hundreds digit of 770898091?
0
What is the ten millions digit of 243921491?
4
What is the ten millions digit of 113405909?
1
What is the thousands digit of 37395648?
5
What is the millions digit of 44713347?
4
What is the hundred millions digit of 649244434?
6
What is the tens digit of 19036019?
1
What is the hundred thousands digit of 74566714?
5
What is the ten millions digit of 21125320?
2
What is the ten millions digit of 5086569660?
8
What is the hundred thousands digit of 240868338?
8
What is the units digit of 256637381?
1
What is the billions digit of 2361596660?
2
What is the thousands digit of 35557028?
7
What is the ten millions digit of 55905071?
5
What is the hundreds digit of 25630500?
5
What is the millions digit of 644173713?
4
What is the hundred thousands digit of 74185913?
1
What is the hundreds digit of 298087674?
6
What is the units digit of 8459765?
5
What is the ten millions digit of 72484462?
7
What is the hundred millions digit of 165666763?
1
What is the hundred millions digit of 120078768?
1
What is the ten millions digit of 1017002411?
1
What is the millions digit of 130293861?
0
What is the hundred thousands digit of 6156544619?
5
What is the tens digit of 38423431?
3
What is the hundreds digit of 36988530?
5
What is the units digit of 3436394306?
6
What is the millions digit of 31686744?
1
What is the ten millions digit of 118916714?
1
What is the hundred thousands digit of 17882922?
8
What is the millions digit of 5361293?
5
What is the tens digit of 9583735?
3
What is the tens digit of 3455067282?
8
What is the units digit of 534857600?
0
What is the hundreds digit of 368192631?
6
What is the ten thousands digit of 395978284?
7
What is the ten millions digit of 27361847?
2
What is the hundreds digit of 57848636?
6
What is the millions digit of 483717098?
3
What is the units digit of 148752295?
5
What is the thousands digit of 1882415974?
5
What is the ten millions digit of 14355850?
1
What is the ten millions digit of 3219536230?
1
What is the ten millions digit of 259